{"id":61,"date":"2021-10-08T07:39:05","date_gmt":"2021-10-08T07:39:05","guid":{"rendered":"https:\/\/www.accademiapsico.it\/shop\/?post_type=product&#038;p=61"},"modified":"2025-06-14T08:44:01","modified_gmt":"2025-06-14T08:44:01","slug":"training-family-therapists-on-the-use-of-self","status":"publish","type":"product","link":"https:\/\/www.accademiapsico.it\/shop\/prodotto\/training-family-therapists-on-the-use-of-self\/","title":{"rendered":"Training Family Therapists on the Use of Self"},"content":{"rendered":"<p><\/p>\r\n<p>In questa lecture, il prof. Andolfi descrive come formare i terapeuti familiari nell\u2019uso del s\u00e9 e come trasformare gli handicap professionali in risorse terapeutiche. I terapeuti devono andare oltre la loro comprensione professionale dei problemi e imparare come sperimentare le problematiche e il dolore delle persone. Questo video \u00e8 il risultato di 50 anni di lavoro clinico di Andolfi e della formazione di terapeuti provenienti da tutto il mondo e delineer\u00e0 come utilizzare la self-disclosure, come costruire un supervisore interiore e acquisire una serenit\u00e0 terapeutica nel muoversi dentro e dentro fuori dal sistema familiare. Un vero gruppo di formazione internazionale \u00e8 il co-protagonista della seconda parte della lezione, che mostra concretamente l&#8217;uso della scultura di famiglia, del gioco di ruolo e delle prescrizioni nel processo di apprendimento.<em><br \/><\/em><\/p>\r\n<p>\r\n\r\n<\/p>\r\n<p><strong>Specifiche<br \/><\/strong>Formato USB<br \/>Durata: 69 min. ca<br \/>Colore \/ Pal<br \/>Region all<br \/>Widescreen 1.78:1<br \/>Lingue: Inglese<br \/>Sottotitoli: Cinese, Francese, Italiano, Portoghese, Spagnolo<\/p>\r\n<p>&nbsp;<\/p>\r\n<p><strong>Trailer<\/strong><\/p>\r\n<p><\/p>","protected":false},"excerpt":{"rendered":"<p>oppure<\/p>\n<p><a href=\"https:\/\/vimeo.com\/store\/ondemand\/buy\/261288\">Acquista come video on demand su Vimeo &#8211; 20 \u20ac<\/a><\/p>\n","protected":false},"featured_media":62,"template":"","meta":{"_acf_changed":false},"product_brand":[],"product_cat":[17],"product_tag":[],"class_list":{"0":"post-61","1":"product","2":"type-product","3":"status-publish","4":"has-post-thumbnail","6":"product_cat-video-collection","7":"sales-flash-overlay","8":"woocommerce-text-align-left","9":"woocommerce-image-align-center","11":"first","12":"instock","13":"taxable","14":"shipping-taxable","15":"purchasable","16":"product-type-simple"},"acf":[],"_links":{"self":[{"href":"https:\/\/www.accademiapsico.it\/shop\/wp-json\/wp\/v2\/product\/61","targetHints":{"allow":["GET"]}}],"collection":[{"href":"https:\/\/www.accademiapsico.it\/shop\/wp-json\/wp\/v2\/product"}],"about":[{"href":"https:\/\/www.accademiapsico.it\/shop\/wp-json\/wp\/v2\/types\/product"}],"wp:featuredmedia":[{"embeddable":true,"href":"https:\/\/www.accademiapsico.it\/shop\/wp-json\/wp\/v2\/media\/62"}],"wp:attachment":[{"href":"https:\/\/www.accademiapsico.it\/shop\/wp-json\/wp\/v2\/media?parent=61"}],"wp:term":[{"taxonomy":"product_brand","embeddable":true,"href":"https:\/\/www.accademiapsico.it\/shop\/wp-json\/wp\/v2\/product_brand?post=61"},{"taxonomy":"product_cat","embeddable":true,"href":"https:\/\/www.accademiapsico.it\/shop\/wp-json\/wp\/v2\/product_cat?post=61"},{"taxonomy":"product_tag","embeddable":true,"href":"https:\/\/www.accademiapsico.it\/shop\/wp-json\/wp\/v2\/product_tag?post=61"}],"curies":[{"name":"wp","href":"https:\/\/api.w.org\/{rel}","templated":true}]}}